usands digit of 46592?
6
What is the hundreds digit of 154103?
1
What is the thousands digit of 3513451?
3
What is the thousands digit of 30994961?
4
What is the thousands digit of 970856?
0
What is the thousands digit of 357378?
7
What is the hundred thousands digit of 4358945?
3
What is the hundred thousands digit of 485620?
4
What is the units digit of 502108?
8
What is the hundreds digit of 14615753?
7
What is the hundred thousands digit of 3597946?
5
What is the tens digit of 107803?
0
What is the units digit of 207086?
6
What is the hundred thousands digit of 8621959?
6
What is the units digit of 9657761?
1
What is the thousands digit of 19467137?
7
What is the thousands digit of 410855?
0
What is the tens digit of 62334?
3
What is the units digit of 1770245?
5
What is the thousands digit of 2677700?
7
What is the hundred thousands digit of 319881?
3
What is the millions digit of 18893707?
8
What is the hundreds digit of 2004644?
6
What is the hundreds digit of 4876949?
9
What is the thousands digit of 270039?
0
What is the hundreds digit of 361607?
6
What is the hundred thousands digit of 7336737?
3
What is the ten thousands digit of 138150?
3
What is the units digit of 5568348?
8
What is the hundred thousands digit of 206268?
2
What is the hundreds digit of 10361250?
2
What is the units digit of 4221512?
2
What is the hundreds digit of 167851?
8
What is the ten thousands digit of 34696?
3
What is the tens digit of 8879?
7
What is the units digit of 8105986?
6
What is the hundreds digit of 145577?
5
What is the hundreds digit of 332419?
4
What is the units digit of 2559366?
6
What is the thousands digit of 738762?
8
What is the millions digit of 6225792?
6
What is the ten thousands digit of 3114477?
1
What is the hundred thousands digit of 1641352?
6
What is the millions digit of 1148533?
1
What is the ten thousands digit of 53228?
5
What is the units digit of 3224281?
1
What is the units digit of 13849257?
7
What is the millions digit of 6749580?
6
What is the units digit of 36238?
8
What is the hundreds digit of 15219729?
7
What is the units digit of 3512549?
9
What is the units digit of 235327?
7
What is the units digit of 868138?
8
What is the hundred thousands digit of 209589?
2
What is the millions digit of 5414558?
5
What is the units digit of 2078399?
9
What is the hundreds digit of 433371?
3
What is the tens digit of 64118?
1
What is the units digit of 1945245?
5
What is the millions digit of 14412827?
4
What is the hundred thousands digit of 20271128?
2
What is the thousands digit of 2211105?
1
What is the tens digit of 250465?
6
What is the units digit of 70392?
2
What is the hundred thousands digit of 551844?
5
What is the units digit of 5419964?
4
What is the units digit of 299176?
6
What is the hundred thousands digit of 478508?
4
What is the tens digit of 1919762?
6
What is the ten thousands digit of 693219?
9
What is the ten thousands digit of 2468784?
6
What is the thousands digit of 489121?
9
What is the hundreds digit of 1732767?
7
What is the thousands digit of 376525?
6
What is the ten thousands digit of 4621168?
2
What is the thousands digit of 13727817?
7
What is the hundred thousands digit of 3575289?
5
What is the ten thousands digit of 8509020?
0
What is the ten thousands digit of 22592404?
9
What is the ten thousands digit of 427237?
2
What is the hundred thousands digit of 477421?
4
What is the hundred thousands digit of 734375?
7
What is the ten thousands digit of 35200?
3
What is the units digit of 173493?
3
What is the hundreds digit of 34310484?
4
What is the tens digit of 829784?
8
What is the hundreds digit of 1978?
9
What is the units digit of 9546100?
0
What is the ten thousands digit of 6710563?
1
What is the millions digit of 15213357?
5
What is the tens digit of 24525834?
3
What is the units digit of 6972517?
7
What is the ten thousands digit of 16048414?
4
What is the thousands digit of 5899648?
9
What is the hundreds digit of 287637?
6
What is the ten thousands digit of 244842?
4
What is the thousands digit of 24076548?
6
What is the ten thousands digit of 42003?
4
What is the ten thousands digit of 10151346?
5
What is the millions digit of 1229216?
1
What is the millions digit of 2787343?
2
What is the millions digit of 18390902?
8
What is the millions digit of 8071058?
8
What is the units digit of 15959603?
3
What is the hundreds digit of 420148?
1
What is the thousands digit of 218770?
8
What is the hundred thousands digit of 103599?
1
What is the thousands digit of 4938823?
8
What is the hundred thousands digit of 246750?
2
What is the tens digit of 342781?
8
What is the ten thousands digit of 2070708?
7
What is the units digit of 432529?
9
What is the ten thousands digit of 231952?
3
What is the ten thousands digit of 341273?
4
What is the hundreds digit of 1858072?
0
What is the thousands digit of 316124?
6
What is the ten millions digit of 27637755?
2
What is the ten thousands digit of 2433775?
3
What is the hundred thousands digit of 2739959?
7
What is the units digit of 4620288?
8
What is the ten thousands digit of 1373396?
7
What is the tens digit of 190271?
7
What is the ten thousands digit of 415858?
1
What is the millions digit of 24970207?
4
What is the hundreds digit of 163771?
7
What is the millions digit of 19322544?
9
What is the hundred thousands digit of 896328?
8
What is the hundreds digit of 42299?
2
What is the hundreds digit of 10587?
5
What is the ten thousands digit of 4007682?
0
What is the hundred thousands digit of 5969007?
9
What is the hundred thousands digit of 1364766?
3
What is the hundred thousands digit of 359675?
3
What is the hundreds digit of 71875?
8
What is the thousands digit of 216755?
6
What is the thousands digit of 81770?
1
What is the hundreds digit of 317344?
3
What is the units digit of 364171?
1
What is the millions digit of 2172008?
2
What is the units digit of 566582?
2
What is the hundred thousands digit of 150326?
1
What is the thousands digit of 2730423?
0
What is the thousands digit of 55760?
5
What is the hundred thousands digit of 261011?
2
What is the thousands digit of 590115?
0
What is the tens digit of 3881110?
1
What is the ten thousands digit of 6227572?
2
What is the units digit of 2070997?
7
What is the ten thousands digit of 3476483?
7
What is the units digit of 2604013?
3
What is the hundreds digit of 1452518?
5
What is the millions digit of 31957610?
1
What is the units digit of 7812855?
5
What is the ten thousands digit of 289939?
8
What is the ten thousands digit of 27490336?
9
What is the hundreds digit of 1232694?
6
What is the tens digit of 1198883?
8
What is the units digit of 95015?
5
What is the hundreds digit of 19223075?
0
What is the hundred thousands digit of 950279?
9
What is the hundred thousands digit of 1288071?
2
What is the units digit of 2805291?
1
What is the hundred thousands digit of 2920085?
9
What is the thousands digit of 19068551?
8
What is the ten thousands digit of 511099?
1
What is the tens digit of 42890?
9
What is the units digit of 4069839?
9
What is the millions digit of 1800551?
1
What is the tens digit of 10745264?
6
What is the millions digit of 3952288?
3
What is the ten thousands digit of 348009?
4
What is the hundred thousands digit of 1284643?
2
What is the ten thousands digit of 200522?
0
What is the units digit of 2946110?
0
What is the hundreds digit of 16753751?
7
What is the hundreds digit of 784612?
6
What is the hundreds digit of 873820?
8
What is the hundred thousands digit of 182335?
1
What is the hundred thousands digit of 821882?
8
What is the hundred thousands digit of 700494?
7
What is the hundred thousands digit of 703752?
7
What is the hundreds digit of 20033397?
3
What is the ten thousands digit of 238244?
3
What is the hundred thousands digit of 127256?
1
What is the units digit of 18868213?
3
What is the hundreds digit of 526895?
8
What is the hundred thousands digit of 373736?
3
What is the ten thousands digit of 254515?
5
What is the hundred thousands digit of 203960?
2
What is the hundreds digit of 2279095?
0
What is the thousands digit of 1200503?
0
What is the ten thousands digit of 7945153?
4
What is the hundreds digit of 1677376?
3
What is the millions digit o